e?
True
Let i = -90 - -89. Let z = i - -4. Suppose -h + 7050 = 4*d, 6*d = z*d + 4*h + 5297. Is d a composite number?
True
Let s(f) = 7*f**2 - 5*f + 2. Let a be s(1). Let h(y) = 4*y + a*y + 11 + 80*y - 11*y. Is h(18) a prime number?
False
Suppose -y = 4*d - 31, 5*d = 2*d + 2*y + 26. Suppose 5*r = 4*r + 254. Suppose -10*f + r = -d*f. Is f composite?
False
Let j = 17825 + -11075. Suppose 2*r - 4*r - 2*x + j = 0, 5*x + 10 = 0. Is r a composite number?
True
Let w = -17 + -7. Let f be ((-1)/4)/(2/w). Suppose -x - d = -2*d - 379, 0 = 5*x + f*d - 1895. Is x a prime number?
True
Suppose -6 = 2*d + 3*t, -2*d = 4*t - 8*t - 22. Let m = 5670 - 3880. Suppose 7*i - m = -d*i. Is i a prime number?
True
Let z = -4252 + 7626. Let k = 413 + z. Is k composite?
True
Suppose -11*t + 162527 + 292532 = 0. Is t prime?
False
Let g = -108977 - -288714. Is g composite?
False
Let a(c) = 4*c**3 + 301*c**2 - 220*c - 161. Is a(-74) a prime number?
True
Suppose 3*f + 55 = -a, -2*f - 9*a = -6*a + 32. Let u(o) = -12*o + 31. Let g(t) = -13*t + 32. Let m(n) = -4*g(n) + 5*u(n). Is m(f) prime?
True
Let x be (-4)/(-10)*(-1460060)/(-56). Suppose 4*v + 4*d - 52525 = -x, -3*d - 42131 = -4*v. Is v a composite number?
False
Let s(c) = 570*c**2 - 16*c - 52. Let p be s(-3). Let l = p - 1683. Is l prime?
False
Let c = -80 - -86. Suppose -9*r + c*r = -68778. Suppose 5*f + r = 11*f. Is f a prime number?
True
Let f = 677099 - 475362. Is f a composite number?
True
Let n(j) = -2*j**2 - 36*j - 148. Let z be n(-11). Is 4/z + -1658*(-143)/66 a composite number?
False
Let v(n) be the third derivative of n**6/60 - n**5/20 + n**4/24 - n**3/3 + 21*n**2. Let w be v(2). Suppose w*c + 2*c - 6114 = 0. Is c a composite number?
False
Suppose s - 2*s = -10. Suppose -s*r = -7*r + 15. Is 3*(2 + -1) - (r + -726) a composite number?
True
Let i(z) = -53*z - 102. Let p = 87 - 100. Is i(p) composite?
False
Suppose -35*d - 150*d = -61263922 - 111214723. Is d a prime number?
True
Is (422250/54)/(10/30) - (-8)/12 a prime number?
True
Suppose i - 6125081 = -7*o, -o - 43*i + 875019 = -41*i. Is o a prime number?
True
Suppose 8*d - 13*d + 5431684 = -o, -5431680 = -5*d + 5*o. Is d a composite number?
True
Suppose 0 = -5*a - 20, 9*n - 5*n - 59724 = 4*a. Suppose -n = -11*t - 0*t. Is t composite?
True
Let u = 239 + -236. Suppose 3*r - 4008 = u*b + 3243, -3*b + 9668 = 4*r. Is r a composite number?
False
Let w = 4289 - 2522. Let c = w + 8312. Is c composite?
False
Suppose 38*y - 27919 = 48765. Suppose 2*j + 16*g = 14*g + y, 0 = 4*j - 3*g - 4015. Is j a composite number?
True
Suppose -3*c - 5*m + 2204 = 0, -3*c + 10*m = 5*m - 2194. Suppose -4*t - t + 5*g = 265, -5*t - 5*g = 295. Let p = c + t. Is p prime?
True
Suppose 4*v = 6*v - 4794. Suppose -22*s + 19*s = -v. Suppose s = o - 1704. Is o a prime number?
True
Let x(v) = 13*v**3 - 3*v**2 + 19*v - 2. Let q be (-4)/(-1) + 3/((-12)/(-4)). Is x(q) a composite number?
True
Let t(y) = 17 - 31*y + 7*y**2 + 2*y**2 - 4. Is t(-15) composite?
False
Let d(s) = 3177*s - 9. Let i be d(1). Suppose -3*a = 3*r - i, 17*r = 19*r + 10. Is a a composite number?
False
Suppose 4339 = 2*r - 365. Let v = -1237 + r. Is v composite?
True
Suppose 0 = h + 4*r - 483895, 80*h - 4*r = 83*h - 1451685. Is h a prime number?
False
Suppose 5*a = -5*b + 5725, -b - 561 - 576 = -a. Suppose 0 = 6*p - a - 3965. Is p a prime number?
False
Let s(f) = -f**3 + 73*f**2 + 172*f + 29. Is s(-21) a prime number?
True
Let u(c) = -c**3 + 89*c**2 + 401*c + 259. Is u(66) composite?
False
Suppose 0 = -2*n - 4*o + 7*o + 35, -5*n = -o - 68. Let x = -17 + n. Is ((-6)/8 - x/4)*508 prime?
True
Let n be 14/6 - 1/3. Suppose -i + 3 = -3*f, -n*f - 2 = -3*i + 5*i. Is i - (-671 - 1) - (-12 + 11) prime?
True
Let y be -230 - -1 - (-7 + 8). Suppose -72 - 60 = m - 3*x, -2*m - x - 271 = 0. Let k = m - y. Is k a prime number?
False
Let c(v) be the first derivative of v**2/2 - 11*v - 9. Let k be c(14). Is 398/10*(k - -2) a composite number?
False
Let l(h) = 184*h + 6. Suppose 0 = -2*j - 5*j + 14. Let f be l(j). Let c = f + -187. Is c prime?
False
Is (10/20*4076)/(2/53) a composite number?
True
Let b be 5/(-4)*(-21 + (-3)/1). Suppose -8*i + b = -2*i. Suppose 629 = 5*d - 2*l, -2*d = -d - i*l - 112. Is d composite?
False
Is (8780 - -12) + 1 + -14 a composite number?
False
Let f be ((-2104)/(-10))/((-64)/(-160)). Suppose f = -62*r + 64*r. Is r prime?
True
Let b(s) be the third derivative of 3*s**6/40 - 19*s**5/60 - s**4/24 + 10*s**3/3 + 33*s**2 - 1. Is b(9) a composite number?
True
Let j(b) = b**2 - 7*b - 111. Let k be j(-9). Let l(y) = 175*y - 218. Is l(k) prime?
True
Let l be 162 - 3 - (4/4 + -1). Let b = 3386 + l. Is b a prime number?
False
Suppose -15*y + 5946 = 486. Suppose -y = 12*k - 136. Let n(z) = -2*z**3 - 27*z**2 + 14*z + 56. Is n(k) a composite number?
False
Let q be 13/65 + 2118/10. Suppose -5*a - 35 = -4*j, 6*a - 11 = -4*j + 3*a. Suppose j*h - q = h. Is h prime?
True
Suppose 2*d - d + 21 = 0. Let y = -15 - d. Suppose 0 = 2*s - y*s + 52. Is s prime?
True
Let v(g) = 5*g - 2. Suppose x + 14 = 15. Let z be v(x). Suppose 3879 = z*n - 390. Is n composite?
False
Let x(c) = 3*c**3 - 6*c**2 - 35*c + 12. Let y be x(15). Suppose 2*n + 2*a - y = 0, -4*n + 66 + 16446 = a. Is n composite?
False
Let t = 154 + -105. Suppose 46*s + 10347 = t*s. Is s composite?
False
Is 1 + 12 + -119 + 313649 composite?
False
Let q = -27751 + 39192. Is q prime?
False
Is 8/6*(-4818)/(-2920)*348455 a prime number?
False
Is 4/(-32)*-2 + -4 + (-4374249)/(-12) a composite number?
True
Suppose 67151 = 16*o - 73953. Is o a prime number?
True
Let q(a) = 3*a**2 - 9*a + 4. Let z be q(4). Suppose 4*i - d + 2*d - z = 0, -5*i - d = -20. Is (-5)/(14 - i)*5158/(-1) a composite number?
False
Let l be 36/14 + (-6)/126*-9. Suppose -v = -3*u + 66421, 3*v = -4*u + l*u + 22147. Is u composite?
True
Suppose -2*i = q - 1071, i = 4 - 9. Let r = q + 111. Suppose -r = -3*s - 79. Is s composite?
True
Let u = 49069 + 33582. Is u a prime number?
True
Let s(d) = -d**2 + 7*d - 4. Let t be s(7). Let o be (-4252)/(-8) - (-2)/t. Is 5/(((-9)/o)/(-1 - 0)) a composite number?
True
Let y be 490128/56 + 2/14*-2. Is -1 - (4 - y/1) prime?
True
Suppose 50 + 265 = -5*o. Let y = 66 + o. Suppose 0 = 2*b + y*z + 263 - 1801, b - z - 769 = 0. Is b composite?
False
Let s = -801 - -1364. Let l = -175 + s. Suppose -2*w = n - 761, 0*w + w - l = -3*n. Is w a prime number?
True
Suppose -5*o = -3*j - 14436203, -27*o - 4*j - 14436209 = -32*o. Is o composite?
False
Let y(d) = d + 8. Let o be y(-7). Let r(w) = 2 + 19*w - 3 + 18*w - 38*w + 487*w**2. Is r(o) a prime number?
False
Let s = 935171 - 423904. Is s a composite number?
True
Let b = -2 + 2. Suppose -3*k + 3*g + 9 = 0, k + 7*g - 10*g = 3. Suppose k*d - 2*d - u - 30 = 0, -3*d + 2*u + 85 = b. Is d a composite number?
True
Let r = 7108 - 7106. Let z be ((-6)/(-5))/((-2)/(-3820)). Suppose r*w - z = -4*w. Is w a prime number?
False
Is ((-1054655)/14)/((0 + 2)*(-1)/4) prime?
False
Suppose 0 = -i - 4*d + 25883, -d = d - 6. Suppose -6468 = -u + z, 7*z = 4*u + 4*z - i. Is u a prime number?
False
Suppose 0 = 4*n - 10*n + 24. Suppose 0 = n*y - 4*z - 784, -y + 0*z + 195 = -2*z. Let o = y - 91. Is o a prime number?
False
Let g(z) = -89*z - 2376. Is g(-47) a prime number?
False
Let j = 7418 - -4549. Is j + (-10 + 6)*2 a prime number?
True
Suppose -16*s - 3666288 = -64*s. Is s prime?
False
Let c = 6 - 1. Suppose 0 = -c*j - 693 - 647. Let u = j + 897. Is u prime?
False
Let q(x) be the second derivative of -5*x**5/8 - 2*x**4/3 + 7*x**3/2 + 24*x. Let u(w) be the second derivative of q(w). Is u(-13) prime?
False
Let t(n) = -n**2 + 2*n + 102. Let j be t(-9). Is ((-84)/(-112))/(j/22988) a prime number?
False
Suppose 2*i - 780709 = -w, 176*w + 3122826 = 180*w - 2*i. Is w a composite number?
False
Let r = -4 + 5. Let n(u) = 7429*u. Let x be n(r). Is (x/(-38))/(1/(-2)) prime?
False
Suppose -169*r + 196*r = 3109077. Is r prime?
True
Let x be 0/(8/(5 + -1)*2). Suppose x = a + c - 9796 - 11262, a - 4*c = 21043. Is a a composite number?
True
Suppose 3*f = 3*t + 1156053, 39*f - 1926755 = 34*f + 7*t. Is f composite?
False
Let v(d) = 94167*d**2 + 36*d - 2. Is v(1) a composite number?
False
Suppose -218*t - 1540736 + 7245142 = 0. Is t a prime number?
False
Suppose 7*w = 6*w + 62. Let p be w*2/4*(-15 + 64).